l + 0*l + 43 = 3*j, 3 = 3*l. Calculate the remainder when 6/(1 + (-13)/j) is divided by s(-8).
10
Let p = 31 - 18. Calculate the remainder when 38 is divided by p.
12
What is the remainder when 2/(-8) - (-2 + 63/(-12)) is divided by 6?
1
Suppose 0*x = 5*x - 3*c - 76, 0 = 3*c + 6. Let t = 21 - x. What is the remainder when 25 is divided by t?
4
Suppose s = -0*s - 4*x + 26, -3*x = 3*s - 60. Let l = 5 - 6. Let c = l + s. Calculate the remainder when 50 is divided by c.
16
Let j(z) = -12*z - 2. Suppose -2*d = 2*y + 3*d - 18, -4*d + 18 = -2*y. Calculate the remainder when 17 is divided by j(y).
7
Let w = 9 + 24. What is the remainder when w is divided by 12?
9
Let v(f) = -f + 105. Let n be v(0). Calculate the remainder when 28 is divided by (8/6)/(14/n).
8
Let r = -32 - -60. What is the remainder when r is divided by 10?
8
Let o = 15 + -14. What is the remainder when 46 is divided by ((-4)/4 - -12) + o?
10
Let y be 4/14 + (-456)/(-21). Suppose r - 9 + 3 = 0. Suppose 4*t + r = y. What is the remainder when t is divided by 3?
1
Let c = -13 + 58. What is the remainder when c is divided by 12?
9
Let f = -2 + 7. Suppose -f = -0*d - d. Suppose 60 = d*a - 0*a. What is the remainder when 33 is divided by a?
9
Suppose 0*u + 34 = u + k, 0 = 2*k + 10. What is the remainder when 13/(u/90) - -3 is divided by 12?
9
Let a(v) = v**2 + 6*v + 11. What is the remainder when a(-6) is divided by 4?
3
Let i be 5 - 3/6*-2. What is the remainder when i/9 + (-124)/(-3) is divided by 11?
9
Suppose 0 = -4*r - 12 + 104. Let c(t) be the second derivative of 11*t**4/12 - t**3/6 - t**2 - 2*t. What is the remainder when c(-2) is divided by r?
21
Let q(j) = -j**3 - 2*j**2 - j - 4. Let f be 26/(-8) - 2/(-8). Suppose -3*n + 2*v + 38 = -0*v, 5*n - 2*v = 66. Calculate the remainder when n is divided by q(f).
6
Let q be -2*3/(-6) - 2. Let o(u) = -4*u**3. Let r be o(q). Suppose -6*m + 34 = -r*m. What is the remainder when m is divided by 9?
8
Let s = -18 + 28. Suppose -2*x + v + s = 0, -5 = -x - 2*v - 2*v. Calculate the remainder when 8 is divided by x.
3
Suppose 2*j + l = 8, -2 = 3*j - 2*l + 7*l. Calculate the remainder when 10 is divided by j.
4
Let j = -48 - 53. Let t be j/11 - 8/(-44). What is the remainder when 13 is divided by t/3 - (-1 - 9)?
6
Suppose -3*d + 40 = -266. Calculate the remainder when d is divided by 26.
24
Let m = 4 - 4. What is the remainder when m + 41*(0 + 1) is divided by 14?
13
Let l(s) = s**2 + 12*s + 3. What is the remainder when l(-13) is divided by 5?
1
Suppose -15*f + 19*f - 56 = 0. Suppose 2 = 5*j - 23. Calculate the remainder when f is divided by j.
4
Let j be 1/(-2) + 5/10. Suppose -2*b + 6*b - 76 = j. Calculate the remainder when 53 is divided by b.
15
Let l be (3/(-9))/((-1)/6). Let q(c) = 6*c**3 + c + 2. Calculate the remainder when q(l) is divided by 27/2*(-16)/(-12).
16
Let f be 4/6*(-9)/(-2). Suppose 4*m - 5 = f*m. Calculate the remainder when 19 is divided by m.
4
Let d = -5 - 14. Let b = d - -57. Calculate the remainder when b is divided by 20.
18
Suppose -28*y + 33 = -25*y. Calculate the remainder when y is divided by 9.
2
Let z be 40*(0 - (-5)/4). Suppose 3*r - r = z. Calculate the remainder when r is divided by 13.
12
Let t = -7 - 11. Calculate the remainder when 53 is divided by (0/(-3))/3 - t.
17
Let p = 70 + -54. Let r(j) = 47*j**2 + j + 1. Calculate the remainder when r(-1) is divided by p.
15
Let z(l) = 4*l**3 + 4*l**2 - 3*l. Calculate the remainder when z(2) is divided by 9.
6
Suppose -1 = l - 4. Suppose 4*m = 3*b + 6, l = -m - 0. What is the remainder when 123/11 + b/33 is divided by 6?
5
Let q(w) = -w**2 + 15*w + 2. Calculate the remainder when q(7) is divided by 20.
18
Let u(d) = -5*d**2 + 37*d + 3. Suppose 5*l = o + 2*o - 119, -5*o = l - 161. What is the remainder when o is divided by u(7)?
16
Let x(m) = m**2 + 4*m + 1. Let u be x(-4). Let k(c) = -u + 4*c + 14 - 3. What is the remainder when k(7) is divided by 10?
8
Let i = 12 - 9. Suppose -5*m + 30 = -5*a, 5*m + i*a - 60 = -2*a. Calculate the remainder when 17 is divided by m.
8
Let g(q) = 29*q**2 + 2*q - 2. What is the remainder when g(1) is divided by 11?
7
Let f(a) = a**3 + 4*a**2 + 3*a + 3. What is the remainder when 1 + 6 - 0/(-1) is divided by f(-3)?
1
Let v = -27 - -48. Suppose s - v = -6. Calculate the remainder when 29 is divided by s.
14
Let z(p) = 2*p**2 - 6*p + 5. Suppose -2*o + 160 = 5*i - 6*o, -3*o = -i + 43. Suppose -q - 3*q + i = 0. What is the remainder when z(4) is divided by q?
6
Suppose 4*y - s = 20, 3*s - 4 = -5*y - s. Let d = -235 - -242. What is the remainder when d is divided by y?
3
Let i = -10 - -13. Suppose 0*o - 42 = -i*h - 4*o, 5*o - 14 = -h. Calculate the remainder when 53 is divided by h.
11
Suppose 4*n - 4*q = 64, 2*q - q = -3*n + 44. Suppose -2*m + 10 = 0, 4*w - 4*m = 205 - 53. What is the remainder when w is divided by n?
13
Suppose 5*y + 2*d - 45 = -16, 2*d = y - 1. What is the remainder when 19 is divided by y?
4
Suppose 0*h = -5*h + 10. Suppose v - h*r - 9 = 0, 9*v - 27 = 4*v + r. What is the remainder when (-192)/(-14) - (-2)/7 is divided by v?
4
Suppose 3*o - 65 = 58. Calculate the remainder when o is divided by 32.
9
Suppose 5*z + 18 = 2*c, -4*c - z + 6*z = -16. Let t = -3 - c. What is the remainder when (t - (-3 - -1)) + 47 is divided by 16?
15
Let k = -12 - -15. Suppose -o + 2*n = -22, k*o - 2*n - 54 = -0*n. Calculate the remainder when 61 is divided by o.
13
Let h = -9 + 9. Suppose h*k = 4*k - 72. Calculate the remainder when 69 is divided by k.
15
Let n = -43 - -76. Suppose 6*z = 7*z - 18. What is the remainder when n is divided by z?
15
Let q(i) = -i - 10. What is the remainder when q(-21) is divided by 4?
3
Let j(i) = i**3 - 11*i**2 + 12*i - 9. What is the remainder when 21 is divided by j(10)?
10
Let l(o) = -81*o. Let u(p) = -5*p. Let c(r) = -2*l(r) + 33*u(r). Let y be c(-1). Suppose -11 = -y*h + 13. What is the remainder when 23 is divided by h?
7
Suppose 10 + 47 = o. Calculate the remainder when o is divided by 20.
17
Suppose 0*y + 3*d = -3*y - 18, -4*y - 2*d = 30. What is the remainder when 6 is divided by y + 12 + -1*1?
0
Suppose v - 44 = 5*z, -4*v + 2*z - z + 157 = 0. Let q = -18 - -39. Calculate the remainder when v is divided by q.
18
Suppose 186 = 9*d + 6. What is the remainder when d is divided by 14?
6
Suppose -2*q + 4*g + 12 = 0, -3*g = -g + 2. Suppose 4*y + 23 = q*w + w, 5*w - 5*y = 25. What is the remainder when 15 is divided by 10 - (4 - w) - 3?
3
Suppose -12 = -5*m + m. Suppose 5*u - u - 15 = 5*v, 3*u = -m*v + 45. Let i = 18 + -12. Calculate the remainder when u is divided by i.
4
Let i = -20 - -28. What is the remainder when 12 is divided by i?
4
Let u = 43 + 3. Calculate the remainder when 134 is divided by u.
42
Suppose 3*s - 3*y = -6, s - 27 = -5*y - 11. Let b(c) = 25*c - 1. Calculate the remainder when b(s) is divided by 9.
6
Let x = 118 + -81. Let b(h) = h + 13. What is the remainder when x is divided by b(0)?
11
Let i(b) = 11*b**2 - b**3 - 2*b + 2*b**3 - 18 + 6*b**2 - b**2. Calculate the remainder when 40 is divided by i(-16).
12
Let l = -8 + 53. Let k = l - 25. Let s = 30 - 19. Calculate the remainder when k is divided by s.
9
Let f = 388 + -375. Let d = 34 - -32. Let k = d + -43. Calculate the remainder when k is divided by f.
10
Suppose 0 = 5*s - 83 - 87. Suppose 3*x + 8 = 47. Suppose 0 = c - x - 5. What is the remainder when s is divided by c?
16
Let y(p) = -4*p - 23. Calculate the remainder when y(-17) is divided by 8.
5
Let i be 1/(((-2)/2)/(-24)). Suppose -5*u + 2*q + 39 = 4*q, 2*q = 4*u - i. What is the remainder when 12 is divided by u?
5
Let x = -7 - -13. Suppose -5*q - 3 - x = -l, q = -1. Suppose -l*n + 48 = 5*k - k, -4*n = 2*k - 48. What is the remainder when 34 is divided by n?
10
Let t(i) = i**3 + 6*i**2 - 8*i - 6. Let x be t(-7). What is the remainder when ((-10)/x)/((-2)/5) is divided by 14?
11
Suppose -2*r + 78 = 2*t, 0 = -r - 2 - 3. What is the remainder when t is divided by 15?
14
Let r(g) = 3*g + 0 + 9 - 2*g. Let h be r(-5). Suppose -h*s - 8 = 2*p, 5*p + 4*s + 6 = 16. What is the remainder when 16 is divided by p?
4
Suppose 5*y = -2*d + 61, -4*d = 4*y - 195 + 79. What is the remainder when d is divided by 9?
1
Let s = 10 + 48. Calculate the remainder when s is divided by (-2)/(-4) - (-87)/